 r**3/3 - 1124*r**2. Determine f(-4).
-34
Let g(s) = 7*s + 8. Let w be (1 - (-41)/(-2))*(-268)/(-402). Give g(w).
-83
Let o(j) = 4*j - 4. Let p(l) = 19*l - 17. Let y(x) = -9*o(x) + 2*p(x). Let f be y(1). Let c(h) = -h**3 + 2*h**2 + 4*h + 2. Give c(f).
-14
Let w(b) be the second derivative of b**4/12 + 5*b**3/6 - 9*b**2/2 - 70*b. Calculate w(-7).
5
Let y = 80 + -78. Let p(b) = -y + 4*b + 6*b - b**2 - 5 + 0. Give p(10).
-7
Let o be ((237/395)/(1/5))/(15/20). Let v(i) = i**3 - 8*i**2 + 17*i - 6. Give v(o).
-2
Suppose 5*y = 10 + 25. Let o(n) be the first derivative of -n**4/4 + 8*n**3/3 - 3*n**2 - 4*n - 208. Calculate o(y).
3
Let l(b) = -b**3 - 7*b**2 - b - 2. Let n be l(-7). Suppose -n*g - 14 = 1. Let h(r) = -77 + 242 + r**3 - 78 - 88 - 4*r. Calculate h(g).
-16
Let p(r) be the first derivative of -3*r + 1/2*r**2 + 108. Suppose -4*i = -4*s - s - 13, -2 = -2*i - 2*s. Calculate p(i).
-1
Let j(l) be the first derivative of -3*l**2 - 7*l - 1672. Determine j(-16).
89
Let d(m) = -734 + 191 + 208 + 14*m + 230. Give d(8).
7
Let s(t) be the second derivative of 0 + 1/2*t**2 + 1/12*t**4 + t + t**3. Suppose 0 = -18*x + 53*x + 245. What is s(x)?
8
Let d(s) = 2*s - 4. Let o be (-1 + (-66)/(-12))*(-150)/(-135). What is d(o)?
6
Let u(c) be the second derivative of 3*c**5/20 - 5*c**4/3 + 4*c**3/3 + 13*c**2/2 + 225*c + 11. Give u(6).
-11
Let x(q) = 3*q**2 - q. Let r(p) = 11*p**2 - p + 16. Let w(b) = -r(b) + 4*x(b). What is w(-9)?
92
Suppose 1 = -4*h - 3, 5*v - 2*h + 38 = 0. Let y(t) = t**3 + 9*t**2 + 7*t - 16. Let a be y(v). Let w(r) = -r**2 - 11*r - 10. Calculate w(a).
14
Let a(y) = 6*y + 2. Let t = -1696 - -1179. Let g = t - -510. Give a(g).
-40
Suppose -20*j + 14 + 26 = 0. Let z(b) = 55*b**2 - 6*b + 61*b**2 + 4*b**3 + 5 - 173*b**j + 60*b**2 - 5*b**3. What is z(4)?
-35
Let s(g) = -g**3 - 9*g**2 - 4*g + 1. Let f(d) = d**3 + 8*d**2 + 3*d - 1. Suppose 2*r + 5*c + 3 = -12, -r = -2*c + 3. Let m(j) = r*s(j) - 6*f(j). Give m(-4).
9
Suppose 255 + 229 = -44*i. Let s(g) = 2*g - 19. What is s(i)?
-41
Let a(j) be the second derivative of -7/6*j**3 + 1/12*j**4 + 41*j + 0 - 5/2*j**2. Give a(7).
-5
Let x be 21/(5 - 12) - -9. Let o(m) = -3 + 4 + 3*m**2 - x*m**2 + 2*m**2. Give o(0).
1
Let l(g) = g**2 - 6*g - 2. Let n be ((-15)/(135/(-36)))/(-2). Let o(s) = -s**2 + 8*s. Let c(q) = n*o(q) - 3*l(q). What is c(-4)?
-18
Let o(j) = j**3 + j**2 + 2. Let a(w) = -2*w**2 + 3*w + 3. Let b be a(2). Let h(r) = 4*r**3 + 10*r**2 - 4*r + 33. Let t(v) = b*h(v) - 3*o(v). Give t(-8).
-5
Let h = 191 + -187. Suppose 0 = 9*d + h*d + 156. Let m(b) = -b**3 - 12*b**2 + b + 14. What is m(d)?
2
Suppose -150*x = -150 + 150. Let s(k) = k**2 - k - 10. Calculate s(x).
-10
Let b(i) be the second derivative of i**4/12 + 5*i**3/3 + 9*i**2/2 - i. Suppose 459 = -j + 2*l - 5*l, 2*j + 3*l = -921. Let z be (-2)/4*j/(-33). What is b(z)?
-12
Let t(m) = 20*m**2 + 5*m + 0*m + 4 - 21*m**2. Let h be (-230)/20 - 2/4. Let g = -6 - h. Determine t(g).
-2
Let x(o) = -o - 292 - 281 + 880 - 293. Determine x(10).
4
Let n(o) = 3 + 7*o - o**3 - 2*o - o**2 - 2*o**2. Let s = 364 + -355. Suppose 20*i - s*i + 33 = 0. Give n(i).
-12
Let p(s) be the second derivative of s**5/20 + 13*s**4/12 - 3*s**2 + s + 255. Give p(-13).
-6
Let f(a) = 4*a**2 + 3*a**2 - 10*a**2 + 4*a**2 - a. Suppose 2*w = -2*w + 2*h - 26, 3 = h. Let l be -2 + 0/5 - w. What is f(l)?
6
Let y(m) = -34*m + 6 - 33*m - 65*m + 131*m. Calculate y(6).
0
Suppose 5*r = 4*a + 2, 3*a = -12*r + 11*r + 8. Let d(p) = -p**3 + 10*p + 0*p**3 + 15*p**2 + 9 - 19*p**r. Determine d(-6).
21
Let x(a) = a + 13. Let b be (-12)/(16/(-4)) - (0 - -3). Let j(q) = q**3 - 4*q**2 - 3*q - 9. Let i be j(b). Calculate x(i).
4
Let y(z) = 4*z + 2*z**2 - z**3 - 5 + 4*z**2 - 3. Let q = 15712 - 15706. Calculate y(q).
16
Let p(o) = -214 - o - 214 + 427 + 8*o**2. Let v be (-2)/(-6) + 100/(-75). What is p(v)?
8
Suppose -46 = -3*w + 5*g, -5*w - g + 5*g + 55 = 0. Suppose 2*z - 64 = -2*i + w*z, -5*i + 5*z = -160. Let d = -33 + i. Let f(b) = -b**3 - b**2. Determine f(d).
0
Suppose 12*p - 8*p + 19 = -3*j, 0 = -4*j + 4*p + 12. Let s(b) = 106*b - 4. Calculate s(j).
-110
Let o(k) = k**2 - 280*k + 1664. Let l be o(6). Let u(w) be the first derivative of 1/2*w**2 + 0*w - l. What is u(3)?
3
Let w(n) be the second derivative of -5*n**3/6 - 2*n**2 + 39*n. Let r(c) = 66*c + 54. Let j(u) = 2*r(u) + 27*w(u). What is j(2)?
-6
Let z(m) be the second derivative of 2*m + 0 + 5/2*m**2 - 7/6*m**3 + 1/12*m**4. Let c be (-2)/10 + -341*(-31)/1705. What is z(c)?
-1
Let a(l) = -l**2 + 3*l - 2. Suppose 0 = -38*i + 42*i - 12. Determine a(i).
-2
Let p(u) = -5*u**2 + 5*u + 1353. Let k be p(17). Let x(a) = -4*a**2 + 4*a - 5. Let z(j) = 5*j**2 - 4*j + 4. Let l(t) = 6*x(t) + 5*z(t). Give l(k).
11
Let w(i) = -2*i**2 + 9*i + 5. Let b be (4/8)/(3/408). Suppose -9*d = -b + 23. Calculate w(d).
0
Let v be (6/(-4))/((-9)/42). Let h(j) = 4 + 2*j - v + 5 + 3. Suppose 0 = 7*r - 8*r - 5. What is h(r)?
-5
Let w(r) = -r**2 - 9*r - 8. Let y be (-2 - -6) + 0/4. Suppose 2*n - 5*n = s - 36, 0 = -2*s - 5*n + 68. Suppose 0 = y*p + s. Determine w(p).
10
Let g = -1166 - -1165. Let m(u) be the first derivative of -3*u**4 + u**3/3 + u**2/2 - 1. Give m(g).
12
Let a be 3 - (-1 - 0) - 1. Let c(s) be the second derivative of s**5/20 - s**4/6 - s**3/2 - 3*s**2/2 + s + 105. Give c(a).
-3
Suppose 6*r = 2*r. Suppose h - 2*h - 4 = r. Let d(p) = 2*p**2 - p + 8. Let k(o) = 6*o**2 - o + 23. Let g(a) = -11*d(a) + 4*k(a). Calculate g(h).
8
Let b(j) = -144*j - 15. Let u(c) = 21*c - 1. Let g(q) = b(q) + 7*u(q). Give g(8).
2
Let q(f) be the second derivative of f**5/20 + 5*f**4/6 + 3*f**3 + 9*f**2/2 + 8092*f. Give q(-5).
44
Let b(q) = -q**2 - 4*q + 2. Suppose -5*f + 32 = 7. Suppose -2*i + f*p + 15 = 0, -2*i + 9*p + 10 = 5*p. What is b(i)?
-3
Let f(q) = -4*q - 368*q**2 - q**3 + 48 + 184*q**2 + 198*q**2. What is f(14)?
-8
Let p be ((-20)/24)/(-25 + 5285/210). Let j(g) = 20 + 5*g - 4*g - 4. Calculate j(p).
11
Let d(t) = 11*t**2 - 5*t - 4 + 12*t**2 - 2*t + 1 - 22*t**2. Let o(i) = i - 5. Let p be o(11). Determine d(p).
-9
Let c(i) = -i + 16. Let q(x) = 3*x - 15. Let s(h) = -4*c(h) - 3*q(h). What is s(-8)?
21
Let d be 266/10 + (-26)/(-65). Suppose 5*v + 3 + d = 0. Let o(j) = -5*j**2 - 25*j + 5. Let w(s) = -s**2 - 5*s + 1. Let r(a) = -2*o(a) + 11*w(a). What is r(v)?
-5
Let h(f) be the first derivative of -f**4/4 + 3*f**3 - 17*f**2/2 + 14*f - 10887. What is h(7)?
-7
Let m(j) = -j**2 - 5*j + 5. Let v(i) = -i**2 + i + 2. Let n be v(2). Suppose 13*a - 726 = -466. Suppose 7*p + 15 + a = n. Determine m(p).
5
Let w(v) = 2*v + 3. Let j be 20/40 - (-5)/2. Suppose -4*s = -j*b + 26, 3*b + s - 22 = 3*s. Suppose -6 - b = -4*a. Give w(a).
9
Let j = -365 + 369. Let w(o) = -3*o + 9. Let z be w(j). Let s(h) = -h + 3. Let f(x) = 2*x - 7. Let u(y) = -6*f(y) - 14*s(y). Determine u(z).
-6
Let y be (234 + -238)*30/24. Let v(m) = 8*m + 39. Let b(g) = -12*g - 58. Let z(q) = -5*b(q) - 7*v(q). Calculate z(y).
-3
Let h(w) = -15*w - 86. Let j(r) = -4*r - 22. Let l(f) = 2*h(f) - 9*j(f). Let c be l(-3). Let u be 2*c/(-12)*6. Let m(i) = i**2 + 5*i - 10. What is m(u)?
14
Suppose -5*x = -x + 8. Let r(c) = 7*c**2 + 3*c + 1. Let i(g) = -8*g**2 - 3*g - 1. Let a be -5*(-4 - 70/(-25)). Let b(d) = a*r(d) + 5*i(d). What is b(x)?
3
Let h(s) = -97*s + 4. Let a(c) = -211*c + 8. Let y(j) = 6*a(j) - 13*h(j). Give y(14).
-74
Let s(v) = -v**3 + 9*v**2 + 21*v + 10. Let p = 67 + -56. Let q be s(p). Let o(i) be the third derivative of -11*i**4/24 + 2*i**2 + 6. Give o(q).
11
Let y(p) = -p**3 + 12*p**2 - 2*p + 21. Suppose 2*t - 44 = 5*z, 11*z - 104 = -8*t + 13*z. Calculate y(t).
-3
Suppose 0 = -x - 17*b + 16*b + 11, 2*b = 4*x - 26. Let v(n) = -1473*n - 3 + 1472*n - x. Calculate v(-6).
-5
Suppose -234 = 6*j - 19*j. Suppose -12 = j*i - 24*i. Suppose 2*d + i = 3*h, 3*d + 18 = d - 5*h. Let v(p) = p + 6. What is v(d)?
2
Let v(m) = -m**3 + 25*m**2 - 11*m + 8. Let k(y) = 2*y**3 - 45*y**2 + 20*y - 14. Let h(a) = 4*k(a) + 7*v(a). Determine h(3).
-9
Let v(x) = 2*x + 6. Let q be v(-2). Let b(u) = -9*u + q*u + 0 - 4 + 0. Let k(j) = -15*j - 9. Let z(m) = -9*b(m) + 4*k(m). What is z(-2)?
-6
Let w(y) = y**3 + 6*y**2 + 3*y - 5. Suppose 2*t + 0*t = 4. Let x = -4821 - -4848. Suppose 0 = -t*n + x - 35. Calculate w(n).
15
Let l(k) be the second derivative of -